st common divisor of 40 and a?
5
Let m = 24 - 19. Suppose 1 = -m*h + 4*r - 0, -4*h = 3*r - 24. What is the highest common divisor of 6 and h?
3
Suppose 5*h = 85 + 40. Calculate the highest common factor of 15 and h.
5
Suppose 0 = 2*f - 6*f - 8, 5*y - 4*f - 8 = 0. Suppose 4*g + y*g = 2*n + 540, 0 = 4*g - 3*n - 540. What is the greatest common factor of 15 and g?
15
Let h = -25 - -34. Suppose 2*c - h = c. Calculate the greatest common factor of 18 and c.
9
Let b(y) = y**2 - 6*y - 8. Let p be b(7). Let d(k) = 7*k**2 + 27*k - 1. Let c be d(-5). Let i = c - p. Calculate the highest common factor of 10 and i.
10
Let c(g) = 48*g**2 + 133*g - 133. Let b be c(1). Suppose -2*v = -4*v + 72. What is the highest common factor of v and b?
12
Let x be (-3)/(18/(-627)) - 3/(-6). Suppose -w + x = 4*w. What is the greatest common factor of 84 and w?
21
Suppose -3 = b + 2*b, 4*b = -o - 17. Let m = o + 15. What is the highest common divisor of 18 and m?
2
Suppose h - 30 = 6*h. Let w be h/(-27) + 122/18. Let o = w + 11. Calculate the greatest common factor of 6 and o.
6
Let j be (-2)/6 + (-632)/(-6). Let z be j/(-4) + (-1)/(-4). Let r = 36 + z. Calculate the greatest common factor of 40 and r.
10
Suppose -22*a + 20*a = -4. Let c(x) = 10*x - 2. Let u be c(-4). Let g be a/7 - 660/u. Calculate the highest common factor of 2 and g.
2
Let x(k) = k + 15. Let i be x(-13). Suppose 2*l - j + i = 9, -3*l - j = -18. Calculate the highest common factor of l and 10.
5
Suppose 5*v - 628 = -d, -v - 55 + 173 = 4*d. Calculate the highest common factor of 36 and v.
18
Suppose -4*x - 2 = -5*j + 13, 55 = -3*x - 5*j. Let p(o) = o**3 + 9*o**2 - 11*o + 8. Let c be p(x). Calculate the greatest common divisor of c and 9.
9
Let i be 2977/26 - 3*10/(-12). What is the greatest common divisor of 13 and i?
13
Let i be (-2)/(-3) + (-304)/(-3). Suppose 2*z - 3*d - 138 = z, z - 173 = -4*d. Calculate the highest common factor of i and z.
51
Suppose -2*l - 2*a + 60 = 0, l - 3*a = 23 + 7. Suppose l - 10 = 5*j. Calculate the highest common divisor of j and 20.
4
Suppose 940 = 6*x + 880. What is the greatest common divisor of x and 85?
5
Suppose -100*i + 95*i + 5*t = -185, 3*i - t = 105. What is the greatest common factor of i and 731?
17
Let z = -21 + 24. Suppose -z = -i + 1. Let y = -11 - -21. Calculate the greatest common divisor of y and i.
2
Suppose -1 + 0 = -m. Suppose -20 - 32 = 4*h. Let c = -7 - h. Calculate the greatest common divisor of c and m.
1
Suppose 2*m = m + 4. Suppose -3*c = 0, -32 = -m*r - 0*c - 3*c. Suppose 0 = 2*p + s, -2*p = -s - 7 + 3. What is the greatest common divisor of r and p?
1
Suppose 6 = -2*u - 5*v + 1, -4*u - 2*v + 14 = 0. Suppose u = -3*a + 59. What is the highest common factor of a and 54?
18
Let y = 2306 + -2285. Calculate the highest common factor of y and 2415.
21
Let g = -20 - -35. Suppose -v - 11 = -5*i + 4, 0 = 2*i - 5*v - 6. Suppose 4*p = 5*h + g, 0*h = p + i*h - 25. What is the highest common factor of p and 50?
10
Suppose 0 = 4*k + 3*t - 1531 + 375, 1450 = 5*k + 5*t. Let q = 462 - 436. What is the highest common divisor of k and q?
26
Suppose -130 = -5*v + 30. Suppose -c = 2*c - 270. Let q = c + -42. Calculate the greatest common factor of q and v.
16
Let b be (-4)/(26/48 - (-36)/(-54)). What is the greatest common factor of b and 24?
8
Suppose 0 = -19*x + 21*x - 6. Calculate the highest common factor of x and 11.
1
Suppose -1036 = 84*m - 29008. Calculate the greatest common divisor of m and 1.
1
Let n be 3 - (-1)/(1/2). Suppose -n*d = -3*x + 7, 3*x + x - 2*d = 28. Calculate the greatest common divisor of x and 63.
9
Let u = 8 - 4. Let v(c) = -64*c + 352. Let r be v(5). What is the greatest common factor of r and u?
4
Let s(z) = z**3 + 6*z**2 - 3*z - 21. Let w be s(-6). Let g be (w - -14) + 2*(-6)/(-4). What is the highest common factor of 154 and g?
14
Let j be (4 - 8) + (2 - (-30 - 5)). Let b = -18 + 40. Calculate the highest common factor of b and j.
11
Suppose 0 = 5*s - 3*y - 92, -2*s + y = -33 - 4. Let t be ((-34)/(-4))/((-2)/(-20)). Let z = s + t. What is the greatest common factor of z and 13?
13
Suppose 190*v + 195 = 193*v. What is the greatest common factor of 299 and v?
13
Let o be (-8)/12 - (-8)/3. Let c(d) = 4*d**2. Let q be c(o). Calculate the greatest common factor of 8 and q.
8
Let u = -497 + 498. Let p(y) = y**2 - 12*y - 3. Let a be p(6). Let w be 2/5 - a/15. What is the greatest common divisor of u and w?
1
Suppose -2*i - 2*u - 1 = -13, 2*u = -i + 8. Suppose 106 = i*z - 10. Calculate the greatest common divisor of 319 and z.
29
Suppose c = 6 + 3. Let u(v) = v**3 - 4*v**2 + 11 + v**2 - 3*v - 5*v**2. Let q be u(c). What is the greatest common divisor of q and 26?
13
Let j(f) = f + 52. Let r be j(12). What is the highest common factor of r and 64?
64
Let n be (12/24)/(2/12). Suppose 0 = -a + n - 0. Suppose q - a = 2. What is the greatest common divisor of 10 and q?
5
Let v(c) = -c**2 + 1675. Let h be v(0). Calculate the highest common factor of h and 25.
25
Let k(y) be the second derivative of -y**5/20 - y**4/3 - y**3 + 7*y**2/2 + 36*y. Let r be k(-5). Calculate the greatest common divisor of 93 and r.
31
Suppose -4*k + 32 = -0*k. Suppose -263 = -k*h - 23. What is the greatest common divisor of h and 12?
6
Suppose -3*m + 2*m = 3*r + 12, 0 = -2*m + 2*r + 8. Suppose -y + a - 11 + 37 = m, 100 = 5*y + a. Calculate the greatest common divisor of y and 105.
21
Suppose 7*l = 12*l - 100. Let v = 5 - 9. Let w(a) = -a**2 - 9*a. Let t be w(v). Calculate the greatest common divisor of t and l.
20
Suppose 0 = -4*q - 3*y + 3194, 4*q - 3*q = y + 802. What is the greatest common factor of 128 and q?
32
Suppose 3*u + 158*q = 162*q + 112, -5*u - q = -156. Calculate the greatest common divisor of u and 2144.
32
Suppose -41*j + 40*j = -198. Let t be ((-22)/(-6))/((-23)/(-138)). Calculate the greatest common divisor of j and t.
22
Let o(t) = -43*t + 1. Let d be o(-3). Let c(k) = 30*k - 304. Let v be c(11). What is the highest common divisor of d and v?
26
Let s be (5 - 0)/(-10)*(3 + -3). Suppose 5*i + s*i - 77 = 4*a, -i + a = -16. What is the greatest common factor of i and 91?
13
Let u be ((-36)/10)/(78/(-260)). What is the highest common factor of 4 and u?
4
Let x be 8/(-2)*14/((-28)/649). What is the greatest common factor of x and 11?
11
Suppose -495 = -2*s - 3*s. Let m be (-3 + (-42)/(-3))/((-2)/(-5 + 3)). What is the greatest common divisor of s and m?
11
Let h be (2 - (-12)/(-30))/((-2)/(-85)). What is the greatest common factor of h and 8?
4
Let n = 16 + -8. Let t(s) be the first derivative of s**3/3 - 15*s**2/2 - 18*s + 9. Let d be t(17). What is the greatest common factor of d and n?
8
Let k be 4*8 - (0 + 0). Let h be 6 - 2/(1 + 1). Let t be ((-4)/h)/((-1)/20). Calculate the greatest common factor of t and k.
16
Suppose 6*c = 3*c. Suppose -4*q + 11 - 3 = c. Suppose w - 5 = -3. What is the greatest common divisor of w and q?
2
Suppose -558*j + 972 = -552*j. Calculate the greatest common factor of 36 and j.
18
Let l = 973 + -901. Calculate the highest common divisor of l and 450.
18
Let l(b) = -19*b - 5. Let n = 2 - 7. Let p be l(n). Suppose -h - 6 = -2*i + 16, -i - h + 8 = 0. What is the greatest common divisor of p and i?
10
Let b(t) = t + 6. Let g be b(5). Let c = 51 + -46. Suppose -c*x = -k + 11, 0*x - 3*x + 44 = 4*k. Calculate the highest common divisor of k and g.
11
Suppose 87 + 1817 = 4*u. What is the greatest common factor of 14 and u?
14
Let d be 140/(-126) + (-271)/(-9). What is the highest common divisor of 1711 and d?
29
Let f be 6/(-1) + -43 + 920. Calculate the greatest common divisor of f and 13.
13
Suppose 489 = -10*w + 1539. Let c = -103 + w. Calculate the greatest common divisor of 10 and c.
2
Let k be (-4)/1 + (3 - 6). Let f be (14/k)/((-1)/4). Suppose -f*a + 130 = -3*a. What is the highest common divisor of a and 13?
13
Suppose -4*v = 12*s - 10*s - 1874, 2*s = 4*v + 1866. Calculate the greatest common divisor of s and 55.
55
Suppose -2*w = 3*v - 9, 9 = w - 2*v - v. Suppose -70 = -2*r - w. What is the greatest common divisor of 8 and r?
8
Let l = -2 - -15. Let a be 8/12 + (-386)/(-6). What is the greatest common divisor of l and a?
13
Let b = -4 + 4. Suppose -x + 2 = 5*f - 5, b = -3*f + 4*x + 18. Let m be 2 + 0 + -1 - -1. What is th